{"id":266913,"date":"2024-02-14T13:19:19","date_gmt":"2024-02-14T12:19:19","guid":{"rendered":"https:\/\/hwr.ba\/event\/medjunarodni-sajam-gospodarstva-2\/"},"modified":"2024-02-14T13:19:19","modified_gmt":"2024-02-14T12:19:19","slug":"medjunarodni-sajam-gospodarstva-2","status":"publish","type":"tribe_events","link":"https:\/\/hwr.ba\/bs\/dogadaj\/medjunarodni-sajam-gospodarstva-2\/","title":{"rendered":"Me\u0111unarodni Sajam Gospodarstva"},"content":{"rendered":"<p>Mostarski sajam je, po broju izlaga\u010da i posjetitelja, svakako najuspje\u0161nija sajamska izlo\u017eba u Bosni i Hercegovini. Zbog \u010dinjenice da je razina gospodarske proizvodnje u Bosni i Hercegovini, upravo kao i njeno tr\u017ei\u0161te, suvi\u0161e mala da bi opravdala usko specijalizirane sajamske priredbe, donijeli smo odluku da doma\u0107im i inozemnim izlaga\u010dima iz razli\u010ditih poslovnih podru\u010dja omogu\u0107imo da, jedanput godi\u0161nje, svoja postignu\u0107a poka\u017eu na jednom mjestu.<\/p>\n<p>U Mostarskom sajmu dd vjeruju da \u0107e sljede\u0107e godine broj izlaga\u010da i posjetitelja biti sve ve\u0107i.<\/p>\n","protected":false},"excerpt":{"rendered":"<p>Mostarski sajam je, po broju izlaga\u010da i posjetitelja, svakako najuspje\u0161nija sajamska izlo\u017eba u Bosni i Hercegovini. Zbog \u010dinjenice da je razina gospodarske proizvodnje u Bosni i Hercegovini, upravo kao i [&hellip;]<\/p>\n","protected":false},"author":2,"featured_media":267061,"template":"","meta":{"_et_pb_use_builder":"off","_et_pb_old_content":"","_et_gb_content_width":"","inline_featured_image":false,"_tribe_events_status":"","_tribe_events_status_reason":"","footnotes":""},"tags":[],"tribe_events_cat":[201],"class_list":["post-266913","tribe_events","type-tribe_events","status-publish","has-post-thumbnail","hentry","tribe_events_cat-other-bs","cat_other-bs"],"_links":{"self":[{"href":"https:\/\/hwr.ba\/bs\/wp-json\/wp\/v2\/tribe_events\/266913","targetHints":{"allow":["GET"]}}],"collection":[{"href":"https:\/\/hwr.ba\/bs\/wp-json\/wp\/v2\/tribe_events"}],"about":[{"href":"https:\/\/hwr.ba\/bs\/wp-json\/wp\/v2\/types\/tribe_events"}],"author":[{"embeddable":true,"href":"https:\/\/hwr.ba\/bs\/wp-json\/wp\/v2\/users\/2"}],"version-history":[{"count":0,"href":"https:\/\/hwr.ba\/bs\/wp-json\/wp\/v2\/tribe_events\/266913\/revisions"}],"wp:featuredmedia":[{"embeddable":true,"href":"https:\/\/hwr.ba\/bs\/wp-json\/wp\/v2\/media\/267061"}],"wp:attachment":[{"href":"https:\/\/hwr.ba\/bs\/wp-json\/wp\/v2\/media?parent=266913"}],"wp:term":[{"taxonomy":"post_tag","embeddable":true,"href":"https:\/\/hwr.ba\/bs\/wp-json\/wp\/v2\/tags?post=266913"},{"taxonomy":"tribe_events_cat","embeddable":true,"href":"https:\/\/hwr.ba\/bs\/wp-json\/wp\/v2\/tribe_events_cat?post=266913"}],"curies":[{"name":"wp","href":"https:\/\/api.w.org\/{rel}","templated":true}]}}

Međunarodni Sajam Gospodarstva

<p>Mostarski sajam je, po broju izlagača i posjetitelja, svakako najuspješnija sajamska izložba u Bosni i Hercegovini. Zbog činjenice da je razina gospodarske proizvodnje u Bosni i Hercegovini, upravo kao i njeno tržište, suviše mala da bi opravdala usko specijalizirane sajamske priredbe, donijeli smo odluku da domaćim i inozemnim izlagačima iz različitih poslovnih područja omogućimo da, jedanput godišnje, svoja postignuća pokažu na jednom mjestu.</p>
<p>U Mostarskom sajmu dd vjeruju da će sljedeće godine broj izlagača i posjetitelja biti sve veći.</p>

<p>Mostarski sajam je, po broju izlagača i posjetitelja, svakako najuspješnija sajamska izložba u Bosni i Hercegovini. Zbog činjenice da je razina gospodarske proizvodnje u Bosni i Hercegovini, upravo kao i [&hellip;]</p>
