{"id":265292,"date":"2023-06-27T14:45:43","date_gmt":"2023-06-27T12:45:43","guid":{"rendered":"https:\/\/hwr.ba\/event\/advent-u-mostaru\/"},"modified":"2023-06-27T14:45:43","modified_gmt":"2023-06-27T12:45:43","slug":"advent-u-mostaru","status":"publish","type":"tribe_events","link":"https:\/\/hwr.ba\/bs\/dogadaj\/advent-u-mostaru\/","title":{"rendered":"Advent u Mostaru"},"content":{"rendered":"<p>Do\u017eivite \u010daroban doga\u0111aj &#8220;Advent u Mostaru&#8221;, gdje se u zraku osje\u0107a i\u0161\u010dekivanje i prazni\u010dno veselje u povijesnom gradu Mostaru, Bosna i Hercegovina. Ova godi\u0161nja manifestacija slavi blagdansko razdoblje i okuplja doma\u0107e stanovni\u0161tvo i posjetitelje za \u010darobno iskustvo. U\u017eivajte u duhu Bo\u017ei\u0107a dok istra\u017eujete \u017eivahnu adventsku tr\u017enicu, ukra\u0161enu treperavim svjetlima i prekrasno ure\u0111enim \u0161tandovima. Otkrijte jedinstvene ru\u010dne radove, lokalne delikatese i divne poklone koji \u0107e biti savr\u0161eni darovi ili dragocjeni suveniri. Potpuno se uronite u radosnu atmosferu dok ulice vrve \u017eivom glazbom i izvedbama, stvaraju\u0107i skladnu atmosferu. U\u017eivajte u melodijama pjeva\u010da bo\u017ei\u0107nih pjesama i do\u017eivite zarazan smijeh i veselje koje pro\u017eimaju doga\u0111aj. Pro\u0161etajte opu\u0161teno povijesnim ulicama Mostara, ukra\u0161enim blagdanskim dekoracijama, i divite se prekrasnoj arhitekturi koju obasjava toplo svjetlo blagdanskih lampica. Grad postaje slikovita kulisa za zabilje\u017eavanje nezaboravnih trenutaka i stvaranje trajnih uspomena. Za najmla\u0111e posjetitelje, posebno iznena\u0111enje \u010deka u dje\u010djem kutku Adventa, gdje mogu sudjelovati u zabavnim aktivnostima, igrama i \u010dak upoznati Djeda Bo\u017ei\u0107njaka. Promatrajte kako se njihova lica sjaje od radosti i uzbu\u0111enja, stvaraju\u0107i \u010darobno iskustvo za cijelu obitelj. <\/p>\n","protected":false},"excerpt":{"rendered":"<p>Do\u017eivite \u010daroban doga\u0111aj &#8220;Advent u Mostaru&#8221;, gdje se u zraku osje\u0107a i\u0161\u010dekivanje i prazni\u010dno veselje u povijesnom gradu Mostaru, Bosna i Hercegovina. Ova godi\u0161nja manifestacija slavi blagdansko razdoblje i okuplja [&hellip;]<\/p>\n","protected":false},"author":2,"featured_media":267101,"template":"","meta":{"_et_pb_use_builder":"","_et_pb_old_content":"","_et_gb_content_width":"","inline_featured_image":false,"_tribe_events_status":"","_tribe_events_status_reason":"","footnotes":""},"tags":[],"tribe_events_cat":[203],"class_list":["post-265292","tribe_events","type-tribe_events","status-publish","has-post-thumbnail","hentry","tribe_events_cat-umjetnost-i-zabava","cat_umjetnost-i-zabava"],"_links":{"self":[{"href":"https:\/\/hwr.ba\/bs\/wp-json\/wp\/v2\/tribe_events\/265292","targetHints":{"allow":["GET"]}}],"collection":[{"href":"https:\/\/hwr.ba\/bs\/wp-json\/wp\/v2\/tribe_events"}],"about":[{"href":"https:\/\/hwr.ba\/bs\/wp-json\/wp\/v2\/types\/tribe_events"}],"author":[{"embeddable":true,"href":"https:\/\/hwr.ba\/bs\/wp-json\/wp\/v2\/users\/2"}],"version-history":[{"count":0,"href":"https:\/\/hwr.ba\/bs\/wp-json\/wp\/v2\/tribe_events\/265292\/revisions"}],"wp:featuredmedia":[{"embeddable":true,"href":"https:\/\/hwr.ba\/bs\/wp-json\/wp\/v2\/media\/267101"}],"wp:attachment":[{"href":"https:\/\/hwr.ba\/bs\/wp-json\/wp\/v2\/media?parent=265292"}],"wp:term":[{"taxonomy":"post_tag","embeddable":true,"href":"https:\/\/hwr.ba\/bs\/wp-json\/wp\/v2\/tags?post=265292"},{"taxonomy":"tribe_events_cat","embeddable":true,"href":"https:\/\/hwr.ba\/bs\/wp-json\/wp\/v2\/tribe_events_cat?post=265292"}],"curies":[{"name":"wp","href":"https:\/\/api.w.org\/{rel}","templated":true}]}}

<p>Doživite čaroban događaj &#8220;Advent u Mostaru&#8221;, gdje se u zraku osjeća iščekivanje i praznično veselje u povijesnom gradu Mostaru, Bosna i Hercegovina. Ova godišnja manifestacija slavi blagdansko razdoblje i okuplja domaće stanovništvo i posjetitelje za čarobno iskustvo. Uživajte u duhu Božića dok istražujete živahnu adventsku tržnicu, ukrašenu treperavim svjetlima i prekrasno uređenim štandovima. Otkrijte jedinstvene ručne radove, lokalne delikatese i divne poklone koji će biti savršeni darovi ili dragocjeni suveniri. Potpuno se uronite u radosnu atmosferu dok ulice vrve živom glazbom i izvedbama, stvarajući skladnu atmosferu. Uživajte u melodijama pjevača božićnih pjesama i doživite zarazan smijeh i veselje koje prožimaju događaj. Prošetajte opušteno povijesnim ulicama Mostara, ukrašenim blagdanskim dekoracijama, i divite se prekrasnoj arhitekturi koju obasjava toplo svjetlo blagdanskih lampica. Grad postaje slikovita kulisa za zabilježavanje nezaboravnih trenutaka i stvaranje trajnih uspomena. Za najmlađe posjetitelje, posebno iznenađenje čeka u dječjem kutku Adventa, gdje mogu sudjelovati u zabavnim aktivnostima, igrama i čak upoznati Djeda Božićnjaka. Promatrajte kako se njihova lica sjaje od radosti i uzbuđenja, stvarajući čarobno iskustvo za cijelu obitelj. </p>

<p>Doživite čaroban događaj &#8220;Advent u Mostaru&#8221;, gdje se u zraku osjeća iščekivanje i praznično veselje u povijesnom gradu Mostaru, Bosna i Hercegovina. Ova godišnja manifestacija slavi blagdansko razdoblje i okuplja [&hellip;]</p>
